*2 - 25*y + 33. Determine c(22).
-33
Let h(m) = 2*m**3 - 4*m**2 - 14*m - 3. Determine h(-2).
-7
Let v(y) = 42*y + 83. Give v(-2).
-1
Let w(s) = -13*s - 9. What is w(5)?
-74
Let x(b) = -b**2 - b + 17. Determine x(5).
-13
Let x(n) = n**3 + 7*n**2 + 5*n - 6. Give x(-6).
0
Let b(y) = -163*y + 1303. Determine b(8).
-1
Let v(u) = u**3 + 49*u**2 - 101*u + 47. Determine v(-51).
-4
Let q(c) = 10*c. Calculate q(3).
30
Let q(s) = -s**3 - 13*s**2 + 9*s + 7. Determine q(-14).
77
Let g(r) = r**2 + 11*r + 21. Give g(-8).
-3
Let a(j) = -j**2 - 3*j - 10. Determine a(-5).
-20
Let k(x) = -9*x - 3. Determine k(-4).
33
Let b(s) = -9*s - 112. What is b(-12)?
-4
Let x(c) = c**2 - 6*c - 81. What is x(13)?
10
Let u(p) = -p**2 + 12*p. Give u(5).
35
Let q(f) = -6*f + 37. What is q(7)?
-5
Let v(f) = 10*f + 523. Determine v(-53).
-7
Let n(w) = -w**3 + 4*w**2 + 5*w - 3. Determine n(6).
-45
Let u(w) = 2*w**3 + 3*w**2 + 2*w. What is u(-2)?
-8
Let l(t) = t - 9. Determine l(4).
-5
Let w(m) = -2*m**3 - 5*m**2 + m - 1. Determine w(-5).
119
Let m(z) = 2*z + 26. What is m(-16)?
-6
Let b(n) = -24*n**2 - 5*n. Give b(1).
-29
Let j(y) = -12*y - 8. What is j(-1)?
4
Let y(s) = s**2 + 24*s + 85. What is y(-20)?
5
Let w(m) = 13*m**2 + m - 2. Give w(1).
12
Let z(c) = c**3 + 12*c**2 - c - 1. Determine z(-12).
11
Let g(t) = -t**3 - 11*t**2 - 12*t - 26. Calculate g(-10).
-6
Let g(i) = -i**2 - 12*i - 34. What is g(-4)?
-2
Let i(q) = -q**2 - 2*q + 5. What is i(-7)?
-30
Let l(k) = -k**2 - 26*k - 106. Calculate l(-21).
-1
Let z(y) = -8*y - 49. Determine z(-6).
-1
Let f(p) = -7*p - 15. What is f(-5)?
20
Let l(t) = -t**3 + 7*t**2 - 5*t - 1. Calculate l(5).
24
Let w(k) = -2*k + 9. What is w(8)?
-7
Let m(h) = -7*h + 103. Calculate m(15).
-2
Let r(f) = 4*f**3 - 2*f**2 + 2*f + 2. Calculate r(2).
30
Let v(a) = -13*a + 13. Calculate v(-6).
91
Let j(s) = -s - 16. What is j(-1)?
-15
Let f(m) = -m**3 + 31*m**2 - 56*m - 71. Calculate f(29).
-13
Let m(q) = 4*q - 77. What is m(8)?
-45
Let h(x) = x**3 - 15*x**2 + 18*x - 38. Determine h(14).
18
Let z(l) = -l**2 - 10*l - 3. Calculate z(-8).
13
Let u(r) = r**2 + 3*r - 2. Calculate u(4).
26
Let r(b) = -3*b**2 + 25*b - 5. Determine r(8).
3
Let s(u) = -u**2 + 2*u - 5. Calculate s(6).
-29
Let w(s) = s**3 - 6*s**2 + 2*s - 3. Give w(6).
9
Let g(s) = -s**3 - 5*s**2 + 2*s + 14. Determine g(-4).
-10
Let i(j) = 2*j**2 + 12*j - 7. Give i(-11).
103
Let f(v) = 31*v + 470. Calculate f(-15).
5
Let c(z) = -z**2 - 12*z + 9. Determine c(-13).
-4
Let k(y) = 2*y + 5. Determine k(-5).
-5
Let y(q) = q**3 - 2*q**2 - 4*q + 1. What is y(-3)?
-32
Let m(n) = -9*n**3 - n**2 - n. Calculate m(-1).
9
Let z(q) = 3*q - 2. What is z(6)?
16
Let i(f) = 5*f + 51. Give i(-11).
-4
Let x(g) = -3*g - 3. Give x(2).
-9
Let h(v) = -v**3 + 7*v**2 + v + 5. Determine h(7).
12
Let v(m) = m + 1. Give v(-9).
-8
Let r(m) = -2*m + 8. What is r(11)?
-14
Let m(g) = 4*g + 16. What is m(-6)?
-8
Let x(q) = -2*q**3 + 96*q**2 - 95*q + 47. Calculate x(47).
0
Let d(w) = -12*w**3 + w**2 + 2*w + 1. What is d(-1)?
12
Let y(l) = 4*l**2 + 23*l + 48. Determine y(-2).
18
Let y(p) = p**3 - 4*p**2 + 3*p - 1. Determine y(3).
-1
Let b(v) = -3*v**2 - 48*v - 6. What is b(-16)?
-6
Let y(c) = -c. Calculate y(3).
-3
Let r(g) = -g**2 + 4. Give r(-5).
-21
Let x(i) = i**2 - 100. Calculate x(10).
0
Let o(m) = 45*m - 1445. Give o(32).
-5
Let y(o) = 6*o**3 + 3*o**2 + 2*o - 6. What is y(2)?
58
Let u(g) = -g**2 + 8*g. Give u(6).
12
Let s(o) = -2*o**2 - 6*o - 1. Give s(-3).
-1
Let j(z) = -5*z - 1. Calculate j(-2).
9
Let i(r) = r**3 + 9*r**2 + 10*r - 8. What is i(-8)?
-24
Let b(h) = 2*h**2 - 1. Calculate b(1).
1
Let i(b) = b**2 + 12*b - 35. What is i(-14)?
-7
Let z(a) = -a**3 + 13*a**2 + 2*a - 14. Determine z(13).
12
Let t(z) = -3*z**3 + 15*z**2 - 5*z + 12. Determine t(5).
-13
Let n(f) = 2*f**2 - 12*f - 24. Determine n(8).
8
Let d(g) = 22*g - 2. Calculate d(-1).
-24
Let u(w) = -w**2 + 13*w + 10. What is u(12)?
22
Let s(r) = -6*r + 207. What is s(36)?
-9
Let n(y) = -11*y + 29. Determine n(2).
7
Let m(s) = -s**3 + 7*s**2 + 4*s + 7. Calculate m(7).
35
Let x(j) = -j**2 - 8*j - 11. Calculate x(-9).
-20
Let l(j) = 32*j - 871. What is l(27)?
-7
Let x(a) = -5*a - 218. Give x(-43).
-3
Let i(f) = 2*f**3 - 14*f**2 - 11*f - 29. Give i(8).
11
Let z(q) = -q**3 - 4. What is z(0)?
-4
Let f(b) = b**2 - 2*b - 37. Calculate f(0).
-37
Let t(n) = -3*n - 2. Give t(-6).
16
Let b(w) = w**3 + 8*w**2 + 2*w + 9. Calculate b(-6).
69
Let p(x) = -x**3 + 8*x**2 - 4*x. Give p(8).
-32
Let m(l) = -32*l**3 + 2*l - 1. Calculate m(1).
-31
Let h(d) = 2*d**2 - 7*d + 6. Determine h(6).
36
Let n(s) = 18*s - 6. What is n(0)?
-6
Let t(u) = u**2 + 4*u + 3. Determine t(0).
3
Let j(w) = 14*w**3 - w**2. Determine j(1).
13
Let z(f) = 3*f - 71. Determine z(24).
1
Let p(t) = t**2 - t - 6. Give p(0).
-6
Let b(q) = 65*q + 21. Determine b(-2).
-109
Let j(h) = -2*h - 8. Determine j(6).
-20
Let y(n) = 13*n - 193. Give y(13).
-24
Let i(b) = 2*b**3 - 5*b**2 + 31*b - 87. Give i(3).
15
Let c(h) = -h - 1. Determine c(-4).
3
Let t(b) = -5*b + 68. Determine t(-7).
103
Let w(d) = d - 2. Give w(14).
12
Let b(k) = 7*k - 2. Determine b(-1).
-9
Let t(w) = 3*w + 20. Determine t(-8).
-4
Let a(v) = v**3 - 2*v + 1. Calculate a(1).
0
Let t(j) = 12*j**2 - j. Give t(-1).
13
Let m(k) = k**3 - 19*k**2 - 19*k - 26. Calculate m(20).
-6
Let a(v) = -9*v - 45. Give a(-6).
9
Let j(h) = -24*h - 437. Give j(-18).
-5
Let w(n) = -n + 13. What is w(5)?
8
Let t(b) = -b**2 - 7*b - 1. Determine t(-5).
9
Let q(c) = c**2 - 91*c - 190. Give q(-2).
-4
Let o(z) = -z**2 + 2*z + 49. Give o(-7).
-14
Let k(x) = 34*x - 5. Calculate k(2).
63
Let q(b) = 2*b**2 + b - 12. Give q(-7).
79
Let g(i) = 11*i**2 - 2*i - 1. What is g(2)?
39
Let o(l) = 10*l - 49. What is o(5)?
1
Let v(d) = -33*d + 269. Calculate v(8).
5
Let f(z) = -3*z**3 - 47*z**2 + 18*z + 13. Determine f(-16).
-19
Let w(s) = -s**2 + 12*s - 29. Determine w(10).
-9
Let s(l) = -l**3 - 4*l**2 + l + 2. Give s(-2).
-8
Let i(v) = 3*v**3 + 2*v**2 - 1. Calculate i(-1).
-2
Let l(r) = -9*r**3 - 2*r**2 + 1. What is l(-1)?
8
Let m(u) = 16*u - 395. What is m(25)?
5
Let g(y) = y**3 - y**2 + 21*y + 68. What is g(-3)?
-31
Let r(n) = -n**2 - 11*n + 23. Give r(2).
-3
Let y(t) = -t**3 - 5*t**2 + 3*t - 19. Give y(-4).
-47
Let j(d) = 6*d - 36. Calculate j(7).
6
Let c(s) = 2*s**2 + 26*s + 10. Determine c(-14).
38
Let f(m) = -6*m - 55. Give f(-9).
-1
Let v(b) = -b**2 - 4*b - 11. Calculate v(-4).
-11
Let y(b) = 4*b - 10. Determine y(1).
-6
Let d(w) = 4*w**3 - w**2. What is d(1)?
3
Let g(o) = -o**3 + 30*o**2 + 66*o - 17. Give g(32).
47
Let g(y) = y**3 - 5*y**2 - 3*y - 6. Determine g(6).
12
Let g(j) = -j**2 + 7*j - 12. Calculate g(6).
-6
Let g(q) = -q**3 + 23*q**2 - 23*q + 29. Give g(22).
7
Let s(q) = 3*q**3 - 17*q**2 + 6*q + 4. Calculate s(5).
-16
Let p(s) = -s**3 + 4*s**2 + 5*s - 3. Calculate p(5).
-3
Let s(r) = -r**2 - 6*r + 10. What is s(-5)?
15
Let x(f) = 6*f**2 - 8*f + 6. Give x(4).
70
Let l(i) = -82*i - 321. Calculate l(-4).
7
Let s(y) = -y**3 + 12*y**2 - 12*y + 12. Give s(11).
1
Let c(y) = 2*y**3 + 19*y**2 + 10*y + 17. Determine c(-9).
8
Let g(x) = -15*x**2 + 146*x + 10. What is g(10)?
-30
Let l(k) = -k + 9. What is l(16)?
-7
Let g(h) = 2*h - 2. Determine g(1).
0
Let x(c) = c**3 - c**2 - c - 82. Give x(0).
-82
Let w(o) = o**3 - 11*o**2 + 6*o + 6. Calculate w(10).
-34
Let x(g) = -g**2 - 16*g - 18. Determine x(-22).
-150
Let h(s) = 47*s**2 - 2*s - 1. Calculate h(-1).
48
Let y(v) = v**3 + v**2 - 20*v + 5. Give y(-5).
5
Let i(d) = -d**3 + 2*d**2. Determine i(0).
0
Let b(x) = x**3 - 4*x**2 + 2*x - 6. Give b(4).
2
Let u(d) = d**3 - 3*d**2 + d - 4. Calculate u(4).
16
Let n(c) = -15*c + 2. Determine n(3).
-43
Let l(n) = -2*n + 23. Give l(19).
-15
Let f(d) = 8*d**3 - d**2 - 2*d - 1. What is f(-1)?
-8
Let o(h) = h**2 - 24*h - 112. Calculate o(-4).
0
Let p(h) = -h**3 - 3*h**2 + 13*h + 10. Determine p(-5).
-5
Let i(v) = -45*v + 397. What is i(9)?
-8
Let x(d) = -42*d - 208. What is x(-5)?
2
Let b(x) = -x**3 + 4*x**2 + 3*x - 1. What is b(4)?
11
Let l(y) = -2*y**2 + 74*y - 80. What is l(36)?
-8
Let v(r) = 7*r - 1. What is v(0)?
-1
Let a(n) = -n**3 - n**2 + 31*n + 7. Give a(-6).
1
Let c(z) = -z - 20. Determine c(-14).
-6
Let u(k) = 14*k**2 - 124*k - 11. Calculate u(9).
7
Let d(s) = s**2 - 28*s + 185. Calculate d(18).
5
L